ded by 21.
19
Calculate the remainder when 7060267 is divided by 238.
235
Calculate the remainder when 4380 is divided by 230.
10
What is the remainder when 10281 is divided by 104?
89
Calculate the remainder when 5286503 is divided by 86.
83
What is the remainder when 5478 is divided by 1526?
900
Calculate the remainder when 4368 is divided by 42.
0
Calculate the remainder when 5772 is divided by 5745.
27
What is the remainder when 22396 is divided by 40?
36
What is the remainder when 1680 is divided by 556?
12
Calculate the remainder when 17705 is divided by 493.
450
What is the remainder when 5209 is divided by 27?
25
What is the remainder when 195051 is divided by 403?
402
What is the remainder when 643657 is divided by 214552?
1
What is the remainder when 17444 is divided by 16?
4
What is the remainder when 60488 is divided by 241?
238
Calculate the remainder when 261 is divided by 53.
49
What is the remainder when 15277 is divided by 27?
22
Calculate the remainder when 7666 is divided by 238.
50
Calculate the remainder when 25553 is divided by 90.
83
What is the remainder when 772 is divided by 443?
329
Calculate the remainder when 711 is divided by 25.
11
Calculate the remainder when 768 is divided by 3.
0
Calculate the remainder when 512 is divided by 43.
39
What is the remainder when 143067 is divided by 79?
77
Calculate the remainder when 845181 is divided by 26.
25
What is the remainder when 8264 is divided by 4089?
86
Calculate the remainder when 4630 is divided by 398.
252
What is the remainder when 6571 is divided by 22?
15
What is the remainder when 3472 is divided by 131?
66
What is the remainder when 1473222 is divided by 39?
36
Calculate the remainder when 61112 is divided by 470.
12
What is the remainder when 8656 is divided by 59?
42
What is the remainder when 10837 is divided by 2166?
7
Calculate the remainder when 48615 is divided by 340.
335
Calculate the remainder when 14904 is divided by 83.
47
What is the remainder when 155398 is divided by 1786?
16
Calculate the remainder when 11420 is divided by 519.
2
Calculate the remainder when 56287 is divided by 167.
8
Calculate the remainder when 20064 is divided by 1337.
9
What is the remainder when 267919 is divided by 40?
39
What is the remainder when 22832 is divided by 11413?
6
What is the remainder when 34144 is divided by 5?
4
What is the remainder when 936349 is divided by 16?
13
Calculate the remainder when 71128 is divided by 304.
296
Calculate the remainder when 52899 is divided by 106.
5
Calculate the remainder when 33642 is divided by 841.
2
What is the remainder when 63078 is divided by 517?
4
Calculate the remainder when 4865517 is divided by 880.
877
Calculate the remainder when 1558 is divided by 757.
44
Calculate the remainder when 5153 is divided by 283.
59
What is the remainder when 3875087 is divided by 16?
15
Calculate the remainder when 537114 is divided by 20.
14
Calculate the remainder when 1739 is divided by 810.
119
What is the remainder when 3277 is divided by 630?
127
Calculate the remainder when 2892 is divided by 493.
427
Calculate the remainder when 1532149 is divided by 329.
325
Calculate the remainder when 18451 is divided by 1844.
11
What is the remainder when 19195 is divided by 1678?
737
Calculate the remainder when 185696 is divided by 334.
326
Calculate the remainder when 49203 is divided by 160.
83
Calculate the remainder when 5105 is divided by 2483.
139
What is the remainder when 9326 is divided by 22?
20
Calculate the remainder when 95944 is divided by 1066.
4
What is the remainder when 1045348 is divided by 5?
3
Calculate the remainder when 170512 is divided by 5.
2
What is the remainder when 2944 is divided by 67?
63
What is the remainder when 7897 is divided by 2427?
616
Calculate the remainder when 478249 is divided by 26568.
25
What is the remainder when 2756260 is divided by 2324?
2320
Calculate the remainder when 47840 is divided by 149.
11
What is the remainder when 91272 is divided by 2340?
12
What is the remainder when 63 is divided by 10?
3
Calculate the remainder when 3244 is divided by 321.
34
Calculate the remainder when 843812 is divided by 210951.
8
Calculate the remainder when 1375996 is divided by 1107.
1102
Calculate the remainder when 11618 is divided by 83.
81
Calculate the remainder when 321662 is divided by 45951.
5
Calculate the remainder when 138433 is divided by 34604.
17
What is the remainder when 497485 is divided by 527?
524
What is the remainder when 44565 is divided by 14849?
18
What is the remainder when 9763 is divided by 78?
13
Calculate the remainder when 625489 is divided by 281.
264
Calculate the remainder when 516650 is divided by 908.
906
What is the remainder when 7534 is divided by 270?
244
What is the remainder when 7623 is divided by 7507?
116
What is the remainder when 6042 is divided by 101?
83
What is the remainder when 192590 is divided by 262?
20
What is the remainder when 5586 is divided by 1177?
878
What is the remainder when 951 is divided by 221?
67
What is the remainder when 25564 is divided by 1503?
13
Calculate the remainder when 62778 is divided by 20919.
21
Calculate the remainder when 5227 is divided by 2561.
105
What is the remainder when 49862 is divided by 23?
21
What is the remainder when 102376 is divided by 11?
10
Calculate the remainder when 1276200 is divided by 87.
84
Calculate the remainder when 16003 is divided by 696.
691
What is the remainder when 10156 is divided by 143?
3
Calculate the remainder when 185943 is divided by 28.
23
What is the remainder when 95046 is divided by 229?
11
What is the remainder when 203049 is divided by 48?
9
Calculate the remainder when 1644 is divided by 360.
204
What is the remainder when 30746 is divided by 473?
1
What is the remainder when 268199 is divided by 8381?
7
Calculate the remainder when 165971 is divided by 193.
184
Calculate the remainder when 7956 is divided by 310.
206
What is the remainder when 3361 is divided by 804?
145
What is the remainder when 939962 is divided by 132?
122
What is the remainder when 889 is divided by 284?
37
Calculate the remainder when 28617 is divided by 14302.
13
What is the remainder when 995 is divided by 512?
483
Calculate the remainder when 5782 is divided by 5779.
3
Calculate the remainder when 198373 is divided by 1127.
21
Calculate the remainder when 62302 is divided by 13.
6
What is the remainder when 156388 is divided by 17373?
31
Calculate the remainder when 1056887 is divided by 827.
808
What is the remainder when 592199 is divided by 47?
46
Calculate the remainder when 6473999 is divided by 100.
99
Calculate the remainder when 85965 is divided by 306.
285
What is the remainder when 5019 is divided by 460?
419
What is the remainder when 1760 is divided by 288?
32
Calculate the remainder when 31352 is divided by 36.
32
What is the remainder when 8619864 is divided by 887?
885
Calculate the remainder when 2782 is divided by 791.
409
Calculate the remainder when 902 is divided by 150.
2
What is the remainder when 98911 is divided by 23?
11
Calculate the remainder when 3164 is divided by 256.
92
Calculate the remainder when 7117 is divided by 1.
0
Calculate the remainder when 32105 is divided by 7.
3
What is the remainder when 12387 is divided by 118?
115
Calculate the remainder when 1833 is divided by 1678.
155
Calculate the remainder when 2351 is divided by 24.
23
What is the remainder when 143909 is divided by 35971?
25
Calculate the remainder when 12468 is divided by 198.
192
What is the remainder when 2913 is divided by 2879?
34
Calculate the remainder when 1174091 is divided by 10.
1
Calculate the remainder when 5187 is divided by 309.
243
Calculate the remainder when 13138 is divided by 2093.
580
What is the remainder when 205781 is divided by 12?
5
Calculate the remainder when 4241 is divided by 1105.
926
What is the remainder when 252959 is divided by 527?
526
What is the remainder when 14239 is divided by 4726?
61
Calculate the remainder when 39902 is divided by 2489.
78
Calculate the remainder when 85547 is divided by 85539.
8
What is the remainder when 3552759 is divided by 15?
9
What is the remainder when 129228 is divided by 28?
8
What is the remainder when 16309 is di